In base 12, what is 4 - 275?
-271
In base 10, what is 13 + -19?
-6
In base 4, what is 101 + -12?
23
In base 8, what is -10124 - -4?
-10120
In base 12, what is 0 + 93?
93
In base 8, what is 11 + 30?
41
In base 12, what is a - 37?
-29
In base 4, what is 31 + 3?
100
In base 3, what is -1212200 - -2?
-1212121
In base 2, what is 11011000001 - 110?
11010111011
In base 5, what is 22 - -231?
303
In base 8, what is -515 + 6?
-507
In base 5, what is 12 + -10?
2
In base 2, what is 1001 + -11110?
-10101
In base 14, what is -4 + 27?
23
In base 2, what is 101 + 110101?
111010
In base 10, what is -4 - -537?
533
In base 15, what is -c + -236?
-243
In base 2, what is -10101101 + 1111?
-10011110
In base 10, what is 10 + 2225?
2235
In base 12, what is 17 + -3b0?
-395
In base 11, what is -1 - 5085?
-5086
In base 10, what is 2 + -685?
-683
In base 5, what is -1 + -11?
-12
In base 12, what is -33 - -14?
-1b
In base 4, what is -10213 - -1?
-10212
In base 2, what is -10010 + -1?
-10011
In base 16, what is -129 + 0?
-129
In base 12, what is -40 - -3?
-39
In base 2, what is 1001 + 1111001?
10000010
In base 16, what is 25 - -31?
56
In base 10, what is -3 + -46?
-49
In base 13, what is 2 + 501?
503
In base 3, what is 21221 - -12?
22010
In base 13, what is 4 + b1?
b5
In base 9, what is 1 + 28?
30
In base 11, what is -1 - 1200?
-1201
In base 13, what is 8 - -146?
151
In base 15, what is -13 - -65?
52
In base 5, what is -4241 - -3?
-4233
In base 9, what is 40 + 33?
73
In base 11, what is 0 - 60?
-60
In base 10, what is 10 + -223?
-213
In base 5, what is 0 + 322?
322
In base 15, what is -23 - 31?
-54
In base 15, what is c7 - 4?
c3
In base 10, what is -30 - -13?
-17
In base 12, what is -3 - -1099?
1096
In base 12, what is 5 + 3650?
3655
In base 11, what is -11a + -1?
-120
In base 11, what is 4 + 37?
40
In base 12, what is 1173 - 6?
1169
In base 4, what is 330 - 31?
233
In base 4, what is 131002 - -11?
131013
In base 4, what is 0 + 10123?
10123
In base 7, what is 242 + 4?
246
In base 3, what is 12002211 + -11?
12002200
In base 15, what is -2 + -19c?
-19e
In base 7, what is -35 - -210?
142
In base 6, what is -42 - -12?
-30
In base 4, what is -20302 - 31?
-20333
In base 14, what is 1 + -9d1?
-9d0
In base 15, what is 67 + 1?
68
In base 3, what is 122 - 222?
-100
In base 6, what is -30 + -114?
-144
In base 8, what is 36 + 14?
52
In base 3, what is -220 + 112012?
111022
In base 10, what is 1849 + 0?
1849
In base 13, what is -127 - 2?
-129
In base 7, what is -154 - -1?
-153
In base 15, what is -18 + 5?
-13
In base 9, what is -43 + 1?
-42
In base 9, what is 37802 - -5?
37807
In base 4, what is -12 - -102103?
102031
In base 12, what is 150 + 2?
152
In base 5, what is -200 - -2401?
2201
In base 5, what is -32 + 123?
41
In base 4, what is -1000 + 110?
-230
In base 16, what is ca + 4?
ce
In base 12, what is -1259 + -3?
-1260
In base 8, what is 10 + 6001?
6011
In base 4, what is -11 - -121210?
121133
In base 13, what is 0 + 49?
49
In base 14, what is 2ab - -1?
2ac
In base 2, what is 11111110000010 + 101?
11111110000111
In base 14, what is b - 26?
-19
In base 16, what is 0 + d7?
d7
In base 11, what is -154 + 0?
-154
In base 15, what is 1 - -447?
448
In base 4, what is 2202 + -10?
2132
In base 16, what is 23 - 3?
20
In base 10, what is 43 + -2?
41
In base 7, what is 32 + 345?
410
In base 15, what is -22 + 10?
-12
In base 4, what is -11 + 1301?
1230
In base 9, what is 5 - 4570?
-4564
In base 2, what is -100000011 + -100?
-100000111
In base 10, what is -2 - -115?
113
In base 4, what is 0 - 12113?
-12113
In base 8, what is -1 - -117?
116
In base 11, what is -5 + 744?
73a
In base 14, what is 17c - -7?
185
In base 6, what is -245 + 5?
-240
In base 7, what is -21 + -11?
-32
In base 12, what is -16 + 18?
2
In base 5, what is 1403 - -10?
1413
In base 3, what is -2 + 22?
20
In base 8, what is 1 + 2564?
2565
In base 8, what is 13 - -2?
15
In base 2, what is -1001110 - 1001001100?
-1010011010
In base 13, what is -ab + 22?
-89
In base 7, what is -50 + 260?
210
In base 4, what is -110 - 1?
-111
In base 8, what is 0 - -1676?
1676
In base 3, what is -12 - 22020?
-22102
In base 3, what is 12022 - -212?
20011
In base 10, what is 174 + -5?
169
In base 7, what is -5155 + -1?
-5156
In base 16, what is -9b + -4?
-9f
In base 12, what is 20 - 4a?
-2a
In base 6, what is -3 - -15?
12
In base 15, what is 10 + -a0d?
-9ed
In base 8, what is -521 + 3?
-516
In base 5, what is 24041 + -2?
24034
In base 15, what is 55 - -2?
57
In base 13, what is -4 - -945?
941
In base 14, what is d + 5d?
6c
In base 3, what is -21 - 1111?
-1202
In base 3, what is 122 + -200202?
-200010
In base 14, what is -3 + 10?
b
In base 12, what is 3 + 48?
4b
In base 7, what is -52 - -3?
-46
In base 9, what is 33 - 3?
30
In base 2, what is -101000111 + 11?
-101000100
In base 14, what is 4 + 3c3?
3c7
In base 9, what is 172 - 57?
114
In base 10, what is 189 + -3?
186
In base 4, what is -301 + -13?
-320
In base 13, what is -1553 + -2?
-1555
In base 4, what is -3231 - -10?
-3221
In base 7, what is -10 + -223?
-233
In base 6, what is -1531 + 2?
-1525
In base 10, what is 4175 - 2?
4173
In base 13, what is 8c7 - 4?
8c3
In base 12, what is 5 + -11b?
-116
In base 3, what is -1 - -10101?
10100
In base 15, what is 2b + d?
39
In base 13, what is -10 + 84?
74
In base 4, what is -11311113 + -11?
-11311130
In base 7, what is -5 - 3066?
-3104
In base 8, what is 27 - -5?
34
In base 15, what is 21 - -6?
27
In base 2, what is 0 + -10110000?
-10110000
In base 3, what is -10 + -10?
-20
In base 9, what is 5 + 46?
52
In base 2, what is 1 + -100011?
-100010
In base 6, what is -2134 - 1?
-2135
In base 12, what is -4 + -10?
-14
In base 12, what is 5 - -2?
7
In base 3, what is -2 + 2?
0
In base 8, what is 4 - -5341?
5345
In base 15, what is -141 + 4?
-13c
In base 10, what is 1427 - 5?
1422
In base 8, what is -5 - 261?
-266
In base 4, what is 10 - 3031?
-3021
In base 11, what is -a9 - 121?
-21a
In base 14, what is a + 3?
d
In base 2, what is 1100 - -1001101?
1011001
In base 15, what is -4 - -140?
13b
In base 11, what is 8 - 16?
-9
In base 5, what is -24301 - -13?
-24233
In base 11, what is -1 - 20?
-21
In base 8, what is -3 - -4752?
4747
In base 12, what is 2 - 34?
-32
In base 5, what is 401 + 320?
1221
In base 13, what is 5 + 766?
76b
In base 11, what is -2108 + 5?
-2103
In base 3, what is 0 + 222?
222
In base 16, what is b - 53?
-48
In base 11, what is 1969 + 3?
1971
In base 14, what is -20d + -10?
-21d
In base 16, what is -198 + c?
-18c
In base 15, what is 2 + 3b?
3d
In base 2, what is -11101 - 101001?
-1000110
In base 3, what is 1 + 2122?
2200
In base 4, what is -12 + 11300?
11222
In base 5, what is 102421 - -2?
102423
In base 16, what is -2 + -6b7?
-6b9
In base 15, what is 22 - -3c?
5e
In base 4, what is -3 + -3101?
-3110
In base 10, what is -24 + -206?
-230
In base 11, what is -2 - 47?
-49
In base 14, what is -3 - 1488?
-148b
In base 5, what is 133 - -2?
140
In base 12, what is -144 + -3?
-147
In base 12, what is 6 + 51?
57
In base 8, what is 10 - 13240?
-13230
In base 14, what is -9b1 + 6?
-9a9
In base 13, what is -1 - -1?
0
In base 3, what is 112022 + -11?
112011
In base 5, what is 321 - 10?
311
In base 10, what is 10 - 2?
8
In base 12, what is -45 - -a?
-37
In base 12, what is 493b - 1?
493a
In base 6, what is -5 - -10004?
5555
In base 12, what is 4 - -96?
9a
In base 3, what is -10 + 111100?
111020
In base 16, what is -2 + 4e9?
4e7
In base 3, what is 10 + 1211?
1221
In base 14, what is -9b + -1?
-9c
In base 8, what is 24 + 6?
32
In base 4, what is -11 + 2133?
2122
In base 13, what is -663 - -3?
-660
In base 5, what is -3 + -11400?
-11403
In base 6, what is -135 + 222?
43
In base 10, what is -5 - 35?
-40
In base 3, what is 1 - 12001010?
-12001002
In base 14, what is -41 + -7?
-48
In base 9, what is -44 + 61?
16
In base 2, what is -101000 - -1010010?
101010
In base 14, what is -12 + 8a?
78
In base 13, what is 9c + -bc?
-20
In base 6, what is -20 + 1152?
1132
In base 14, what is -4 - 68?
-6c
In base 8, what is -34 + -4?
-40
In base 9, what is 2 + 2267?
2270
In base 12, what is a - 118?
-10a
In base 12, what is 6 - 89?
-83
In base 16, what is 3 + 9f?
a2
In base 9, what is 15 + -267?
-252
In base 15, what is -2ed2 - 2?
-2ed4
In base 16, what is -f3 + 1?
-f2
In base 2, w